What is the remainder when 42 is divided by (39 + 6)*l/6?
12
Let l = -5 + 20. Let y(d) = 3 + 4 + 4*d + 4*d**2 - 3*d**2 + 0. What is the remainder when y(-7) is divided by l?
13
What is the remainder when (-3 + 1 - 27/(-18))*-8 is divided by 8/(-28) + (-46)/(-14)?
1
Suppose 0 = -d - 4*k + 291, 4*d + 0*k - 1125 = -3*k. Calculate the remainder when d is divided by 94.
91
Let w = -493 - -530. What is the remainder when 923 is divided by w?
35
Suppose 5*c - 29 = -79. Let v be 25*-1 - (-9 - c). Let k = v + 61. Calculate the remainder when k is divided by 12.
11
Let h(v) = v**2 + 3*v + 14. Suppose 5*x + 32 = -4*q - 12, 0 = 4*x + 16. Calculate the remainder when h(q) is divided by 13.
6
Suppose 5*c - 2*c + 15 = 0. Let g(a) = 4*a**2 - 2*a - 6. What is the remainder when g(c) is divided by 28?
20
Suppose w = -2, -3*r - 57 = -5*w - 214. Let x = r - 41. What is the remainder when 20 is divided by x?
4
Let t(y) = -y**3 - 3*y**2 - 8*y - 2. Let q = 4 + -4. Suppose -2*b + 12 = -q*b. What is the remainder when t(-3) is divided by b?
4
Let r = -3097 - -3193. Calculate the remainder when r is divided by 3/((-3)/2) + 35.
30
Suppose -5*f - 21 = 4*j - j, -3*f - 13 = 2*j. Let u = 163 - 124. Calculate the remainder when ((-3 - -2) + -24)*f is divided by u.
36
Let z(u) = -79*u - 479. What is the remainder when z(-7) is divided by 7?
4
Suppose 2*i = 2*q - 42, 5*i + 57 = 12*q - 9*q. Suppose 2*r + 235 = 2*a + 97, 5*r - 81 = -a. What is the remainder when a is divided by q?
23
Suppose -2*l + 36 = 26. What is the remainder when 177 is divided by l?
2
Suppose 0 = 4*o + 2*b - 194, -5*b + b + 45 = o. Calculate the remainder when o is divided by 9.
4
Suppose 0 = 4*x + 4*u - 24, 0 = -4*x + u + 18 - 4. Let n(z) = z**2 + 10*z - 108. What is the remainder when n(-17) is divided by x?
3
Suppose -96 - 800 = -7*w. Calculate the remainder when w is divided by 65.
63
Let v be ((-3)/((-9)/2))/((-2)/(-9)). Calculate the remainder when (v - (-125)/(-45)) + 295/9 is divided by 7.
5
Suppose -3*s = 5*q - 39, 0*q = 2*q. What is the remainder when 110 is divided by s?
6
Let k = 157 - 122. Calculate the remainder when 419 is divided by k.
34
Let a = -22 - -44. Suppose -478 - 812 = -10*n. Calculate the remainder when n is divided by a.
19
Calculate the remainder when ((-11)/176*8)/((-1)/186) is divided by 26.
15
Suppose -55 + 10 = -2*y + c, 0 = 3*y + 4*c - 62. What is the remainder when y is divided by 9?
4
Let w(z) = z**3 - 6*z**2 + 2*z - 11. Let i be w(5). Let s = 30 + i. What is the remainder when 5 is divided by s?
1
What is the remainder when 191 is divided by 21/6*264/28?
26
Let r(a) = 5*a**3 - 8*a**2 - a + 10. What is the remainder when 510 is divided by r(2)?
14
Let t = 77 - 57. Suppose 0 = -t*u + 17*u + 198. What is the remainder when u is divided by 17?
15
Let f(o) = -13*o + 131. What is the remainder when 2 is divided by f(10)?
0
Suppose 28*z - 9*z - 4655 = 0. Calculate the remainder when z is divided by 59.
9
Suppose 4*u = -5*u + 207. Let f = 18 - 13. Calculate the remainder when u is divided by f.
3
Suppose 2*c + 5*r = 4*c - 43, -5*c + 2*r + 160 = 0. Suppose 29*i - 967 - 1789 = -842. Calculate the remainder when i is divided by c.
32
What is the remainder when -1 - -7 - (-1350)/10 is divided by 8?
5
Suppose 5*v - r - 260 = 0, -r = v - 5*r - 33. What is the remainder when v is divided by 14?
11
Let t be (1 + -16 + 10)*(1 + -7). Suppose -10 = -3*i + n, n + n - t = -4*i. Calculate the remainder when (-2)/(-3) - (-68)/6 is divided by i.
2
Let d(r) = -10*r - 11*r - 10*r**3 + 24*r + 2. Calculate the remainder when 24 is divided by d(-1).
6
Suppose 15 = 2*j + 3*j. Suppose 43 = j*d - 26. What is the remainder when 44 is divided by d?
21
Let n be 5841/15 + 4/(-10). Let i(s) = s**3 + 11*s**2 + 28*s + 6. Let a be i(-7). Suppose a*q - n = 139. What is the remainder when q is divided by 18?
16
Let h(j) = -j**2 - 5*j - 3. Let x(l) = -l**2 + 11*l - 5. Let p be (6/((-18)/(-15)))/(1/2). What is the remainder when x(p) is divided by h(-3)?
2
Suppose -4*p + 0*p = 0. Let w(s) = s**3 - s + 118. Let v be w(p). Let d = v + 19. What is the remainder when d is divided by 35?
32
Let w(y) = y**2 + 25*y + 49. What is the remainder when w(-24) is divided by 7?
4
Suppose 0 = -5*u + 5, -5*m - u + 44 = -422. Calculate the remainder when m is divided by 22.
5
Suppose 0 = 187*p - 194*p + 1197. What is the remainder when p is divided by 25?
21
Let y = 320 + -296. Calculate the remainder when 184 is divided by y.
16
Let o(q) = -6*q - 2. Suppose 1 = -k - 0*k. Let s be (-4*3)/4 - k. What is the remainder when o(s) is divided by 3?
1
Let d(g) = -g**2 + 3*g + 8. Calculate the remainder when d(0) is divided by 3.
2
Let q = 83 - 21. Let o be -2 + (-7)/(14/(-4)). Suppose 2*x - y - 46 = 0, 2*y = -3*x - o*x + q. What is the remainder when 42 is divided by x?
20
Let b(u) = -162*u**2 + 9*u + 0 + 173*u**2 - 1 + u**3. Suppose 0 = 5*v + 3*v - 240. What is the remainder when b(-8) is divided by v?
29
Suppose 43*l - 36*l = 819. Calculate the remainder when 243 is divided by l.
9
Let o(d) = 11*d + 2. Let r be o(4). Let l = -80 + 166. Let c = l - r. What is the remainder when c is divided by 14?
12
Suppose -7*u + 6 = -6*u. Suppose 2*f - 19 = -w, 3*f + 2*w + u = 37. Suppose -8*p + f*p + 13 = 0. What is the remainder when 49 is divided by p?
10
Let v(z) = z**2 - 4*z + 2. Suppose -3*a + 25 = 2*p, 2*a - 10 = -3*p + 3*a. What is the remainder when v(9) is divided by p?
2
What is the remainder when ((-200)/(-16) + -12)*130 is divided by 23?
19
Let a(y) = 3*y**2 - y - 2. What is the remainder when 2 + 64/(-30) + 587/15 is divided by a(2)?
7
Suppose -1 = 2*g - 5. Suppose -29 = -b - g. Suppose -2*q = -3*w - b, 0 = -2*q - w + 15 + 8. Calculate the remainder when 22 is divided by q.
10
Let i = -313 + 483. What is the remainder when i is divided by 11?
5
Suppose -3*m + 6 = -7*o + 4*o, -3*m + 3 = -4*o. Let n(k) = 13*k - 12. Calculate the remainder when n(m) is divided by 2/((12/(-27))/(-4)).
17
Suppose 2*i + 184 = 2*x, -9*i + 4*i - 92 = -x. Calculate the remainder when x is divided by 47.
45
Let q be 8/(20/5)*8. Calculate the remainder when 63 is divided by q - (3 - (-3)/(-1)).
15
Suppose -170 - 94 = -11*v. What is the remainder when 1342 is divided by v?
22
What is the remainder when 53 is divided by (-72 - -18)*((-5)/2 - -2)?
26
Suppose 5*k = -2 + 7. Let b be (k/3)/((-2)/(-30)). Suppose 0 = b*d - 2*d - 51. What is the remainder when 65 is divided by d?
14
Let p = 50 + -48. Suppose -4*x = p*j - 472, -x = 4*j - 0*j - 132. What is the remainder when x is divided by 24?
20
Let c(t) = t**2 + 10*t - 23. What is the remainder when 61 is divided by c(3)?
13
Suppose 2*m - 33 = -m. Let c = 21 + 17. Suppose -6*i + 8*i - c = 0. What is the remainder when i is divided by m?
8
Let h(m) = 4*m**2 + 8*m + 2. What is the remainder when 81 is divided by h(-3)?
11
Suppose -4*o = 5*x - 85, 0 = -2*x - 3*o - o + 46. Calculate the remainder when 139 is divided by x.
9
Let s(v) be the second derivative of v**4 + v**3/2 - v**2 + 12*v. What is the remainder when s(1) is divided by 5?
3
Let x = -4 - -6. Suppose x*d - 7*d + 220 = 0. What is the remainder when d is divided by 16?
12
Suppose 2*f + 2*k = 4*f - 52, -5*k + 80 = 2*f. Let n = -9 + 22. What is the remainder when f is divided by n?
4
Calculate the remainder when 124 is divided by 6 + (-3 + 10 - 6).
5
Suppose 5*k - 2*f - 62 = 68, -2*k + 3*f + 52 = 0. Suppose 5*i + 2*x + 2*x + 29 = 0, x = 4. Let b = -2 - i. What is the remainder when k is divided by b?
5
Let l(z) = -320*z + 15. What is the remainder when l(-1) is divided by 25?
10
Let h(v) = -v**2 + 20*v - 33. Let p be h(18). Suppose 2*l + p*l - 175 = 0. What is the remainder when l is divided by 58/5 - 4/(-10)?
11
Suppose 6*y - 11 - 43 = 0. What is the remainder when 1/3 - (-74)/3 is divided by y?
7
Let y = -272 - -618. Calculate the remainder when y is divided by 29.
27
Let w = 396 + -389. Let l(c) = -4*c + 2. What is the remainder when l(-4) is divided by w?
4
Calculate the remainder when 178 is divided by (25/(-175))/(1/(-322)).
40
Suppose -2*d + 20 = -14*n + 16*n, d = -2*n + 22. Calculate the remainder when 19 is divided by n.
7
Calculate the remainder when 1 - (6 + -4 - 90) is divided by 23.
20
Let q = -21 - -52. What is the remainder when (-1026)/(-9) + (-6